4. Let z = -12 + 13. Let u(v) = 3 - 3*v - 5 - 4 - z. Calculate u(w).
8
Let h = -29/6 + 16/3. Let y(q) be the second derivative of -1/12*q**4 - h*q**3 + q + 0 - q**2. What is y(-2)?
0
Let c(o) be the third derivative of -o**6/120 - o**5/12 + 7*o**4/24 - o**3/2 + o**2. Determine c(-6).
-9
Let f(g) be the third derivative of -g**6/120 - g**5/20 - g**4/24 + g**3/2 + 3*g**2 + 4. Give f(-3).
6
Let d(s) = s + 2. Let y be 18/117 - 93/13. What is d(y)?
-5
Suppose -39 = -n - 44. Let j(x) be the first derivative of -x**4/4 - 4*x**3/3 + 5*x**2/2 - 4*x + 1. Determine j(n).
-4
Let u(k) be the third derivative of 0*k + 1/360*k**6 + 1/120*k**5 - 1/12*k**4 + 0 + 3*k**2 + 0*k**3. Let q(f) be the second derivative of u(f). Give q(1).
3
Let s(f) = -f + 12. Let j(d) = d**2 + 18*d + 27. Let g be j(-17). Determine s(g).
2
Let j be (1 - 1) + 1 + 1. Suppose 56 = 5*x + 2*i, 2*x - 2*i = -i + 17. Let y(u) = 4*u**j + u + 10 - x. Determine y(-1).
3
Let c be (-1 - -13)*(-10)/(-8). Let b = 19 - c. Let k(j) = -j**3 + 4*j**2 + j + 4. Determine k(b).
8
Let r(b) = -2*b**2 + b. Let l(o) = -o**2 - o. Let m(i) = -2*l(i) + 2*r(i). What is m(3)?
-6
Let l(y) be the third derivative of 1/24*y**4 - 2*y**2 + 4/3*y**3 + 0 + 0*y. Give l(-6).
2
Let w be (-10)/(-20) + (-3)/(-6)*13. Let j(g) = -4*g + 10. Determine j(w).
-18
Let c(u) = 0*u + 16 - 4*u - 16. Let n(q) = -q**2 + 6*q - 7. Let m be n(5). Calculate c(m).
8
Let k(z) be the third derivative of -7*z**4/24 - 13*z**3/6 - 7*z**2. Let q(w) = -3*w - 6. Let r(m) = 4*k(m) - 9*q(m). What is r(-2)?
4
Let f(z) = -z**2 - z. Let i(x) = -6*x**2 - 6*x - 9. Let s(u) = -5*f(u) + i(u). Give s(0).
-9
Let n = 24 + -28. Let u(o) be the third derivative of -o**6/120 - o**5/20 + o**4/4 + o**3/3 - 2*o**2. What is u(n)?
-6
Let h(w) be the second derivative of -w**4/24 - w**3 - w**2/2 - w. Let p(c) be the first derivative of h(c). Suppose 0*o + 2*o = -8. Calculate p(o).
-2
Let u(k) = -k**3 - 6*k**2 + 7*k. Let f be u(-7). Let i(w) = -3*w**2 - 2 + 0*w**2 + f*w**2 + w**2 - 4*w. Calculate i(-2).
-2
Let z = -7 - -5. Let x = 6 + z. Let f(q) = q**2 - 5*q + 5. What is f(x)?
1
Let b(i) = -3*i - 7. Let j(m) = 2*m + 5. Let p(y) = -5*b(y) - 8*j(y). Let q = -84 - -80. What is p(q)?
-1
Suppose 3*a = -3*k - 0 - 3, 4*k + 5*a = -5. Let t(p) = p**2 + p + 5. Calculate t(k).
5
Let m = -12 - -6. Let n(a) = -a**3 - 5*a**2 + 6*a - 4. Calculate n(m).
-4
Let h(a) = a**2 + 10*a + 10. Suppose -81*t = -85*t - 32. Determine h(t).
-6
Let k(b) = b - 3. Let f(r) = -r**3 - 22*r**2 + 2*r + 51. Let o be f(-22). Determine k(o).
4
Let i(o) = -o**3 + 6*o**2 - 3*o - 6. Let l = 3 - -2. Let s be i(l). Let y = s - 9. Let a(x) = -x**3 - 4*x**2 + 5*x - 4. Calculate a(y).
-4
Suppose 0 = -y - 0 + 3. Suppose 0 = -3*g + 5*t - 3, 0 = 3*g - 4*t - y + 6. Let h(w) = -4*w**2. What is h(g)?
-4
Let d(b) be the second derivative of -b**4/6 - b**3/6 - 4*b. Give d(-1).
-1
Suppose -3*z + 8 = -g, 10*g - 5*g = -3*z + 14. Let v(p) = -p**2 + 3*p - 1. Calculate v(z).
-1
Suppose -31*u = -39*u + 72. Let x(c) = -c**3 + 8*c**2 + 9*c + 4. Determine x(u).
4
Let p(i) = i - 2 - i**2 - i**2 - 1 + 5. Give p(-2).
-8
Let i(s) = 3*s**3 + 9*s**2 + s + 2. Let t(p) = -p**3 - p**2 - 1. Let w(l) = i(l) + 2*t(l). Calculate w(-7).
-7
Suppose 5*c - 1 = 9. Suppose 0 = u - 4 - c. Let r be (4/u)/(5/(-15)). Let q(a) = a + 4. Calculate q(r).
2
Suppose 5*i = 25, -3*w = -4*i - 7 + 42. Let k(b) = -2*b + 4. Give k(w).
14
Suppose -3*o = 3*i - 24, o = -o + 3*i - 4. Let p(l) = -2*l + 0*l + 3 + l**2 - o*l + 0. Determine p(5).
-2
Let x(q) = -2*q + 6. Suppose 5*b - 20 = -0. Give x(b).
-2
Let p(z) = z**3 + 4*z**2 + 2*z + 1. Suppose -5*k = r + 13, -4*r - 9 = -3*k + r. Let b be (-91)/26 + (-1)/k. Determine p(b).
4
Let s(a) be the second derivative of -a**5/20 - a**4/3 - a**3/6 + 2*a**2 - 31*a. Calculate s(-3).
-2
Let z(i) = -i**3 - 4*i**2 + 6*i - 9. Let h(r) = -r**3 + r**2 - r - 1. Let f(x) = 2*h(x) - z(x). Let o = -11 + 26. Suppose 3*b - o = -0. Calculate f(b).
-8
Let u(f) = -8 + f + 5 - 2. Give u(-6).
-11
Suppose w + 2*w = -9. Let y(q) = q**2 - 11*q - 9. Let m be y(12). Let h(z) = 4 - 44*z - 5*z**2 + 42*z - z**m + z**2. Calculate h(w).
1
Suppose -6 = 3*z - 0*z + 4*o, -z = -5*o - 17. Let s(n) be the first derivative of -n**3 + n**2/2 + n - 15. Give s(z).
-9
Suppose 4*d + 25 = 3*w + 6*d, 5*d - 40 = -3*w. Let n(g) = g**3 - 5*g**2 + 1. Determine n(w).
1
Let s(c) be the first derivative of 2*c**2 - c + 2. Give s(1).
3
Let n(m) be the second derivative of -m**5/60 + m**4/4 + 5*m**3/6 - 2*m**2 - 2*m. Let g(o) be the first derivative of n(o). Calculate g(5).
10
Let k(o) = o**2 - 7*o + 1. Let t be k(7). Let n(s) = 3. Let h(b) = -1. Let a(x) = -7*h(x) - 2*n(x). Let f(j) = -j + 2. Let z(i) = -a(i) + f(i). Give z(t).
0
Let q(p) = 5*p + 4. Let g be 8/(-1 - 1) + 1. Give q(g).
-11
Let w(j) = 2*j - 7. Let v be w(7). Let d(o) = -o + 4. Let i be 1/(-3) + 10/3. Let u(n) = n - 9. Let f(l) = i*u(l) + v*d(l). Calculate f(1).
-3
Let f(g) = -g - 1. Let k(o) = o**2 + 6*o + 8. Let y be k(-3). What is f(y)?
0
Suppose 3*t - 2 - 1 = 0. Let f(q) = -2*q. What is f(t)?
-2
Let q be 2*(9/(-2) + 2). Let c(b) be the first derivative of -b**4/4 - 4*b**3/3 + 7*b**2/2 - 2*b - 50. Give c(q).
-12
Let q(y) = -y + 9 + 11 - y**2 + 1 - 16. Determine q(4).
-15
Let r = -1 + 1. Let h(y) = y**2 + 1. Let w(q) = q**2 - 2. Let t(g) = -2*h(g) + w(g). Calculate t(r).
-4
Let z(f) = -3*f**2 + 2 + f**3 + 10*f**2 + 3. Calculate z(-7).
5
Let g(y) be the third derivative of -y**6/120 - y**5/10 + y**4/12 + y**3 + 14*y**2. Give g(-6).
-6
Let h be 3 - 1 - 3 - -3. Let m(b) = 2*b**3 - b**2 + 3*b - 2. Give m(h).
16
Suppose 2*k - 3*k = -3*s - 5, 5*k - 3*s - 13 = 0. Let v = 4 - k. Let q(r) = -r + 1 - 3 - v. What is q(-4)?
0
Let q = 167 + -165. Let i(v) be the first derivative of 2*v + 1/3*v**3 + q - 3/2*v**2. Calculate i(3).
2
Let x(o) = -o**3 - 2*o**2 - 2*o. Let n(p) = -p**3 + 7*p**2 - 2*p + 11. Let u be n(7). Determine x(u).
15
Let y(t) = -5*t**2 + 4*t + 6. Let n(l) = -14*l**2 + 11*l + 17. Let c(z) = 6*n(z) - 17*y(z). Give c(4).
8
Let u(z) = -2*z**2 + 5*z - 2. Suppose 30 = 5*f + 10. Suppose -p - 1 = -f. Give u(p).
-5
Suppose -23 = -3*n - 5. Let l(a) = -7*a + 15. Suppose -1 = 2*r + 11. Let c(x) = 8*x - 16. Let z(b) = r*c(b) - 7*l(b). Give z(n).
-3
Let q = 34 - 40. Let v(f) = -f**3 - 6*f**2 + 4*f + 9. Calculate v(q).
-15
Let d(c) = 12*c - 2. Let q be d(6). Suppose -y - 5*i = 4*y - q, 4*y + 2*i = 50. Let p(x) = -4 + y - 3*x + x. Calculate p(5).
-3
Let h(p) be the second derivative of -p**4/3 - p**2/2 + 2*p. Suppose 0 = -y - 3*y - 4. Give h(y).
-5
Let l(q) = -q + 10. Let w = -96 + 106. Calculate l(w).
0
Suppose 30 = -5*x + 10. Let r(i) = 2 - 5*i - 6 + 4*i. Calculate r(x).
0
Let d(t) be the second derivative of -t**4/12 + t**3/3 + 3*t**2/2 - 3*t. Let j be d(-2). Let n(o) = o**2 + 3*o - 4. What is n(j)?
6
Let t be (-1)/1 - 14/2. Let k = t - -13. Let j(g) = -7*g**2 + 11*g + 9. Let n(w) = 10*w**2 - 16*w - 14. Let h(l) = 7*j(l) + 5*n(l). What is h(k)?
3
Let v be (-4)/(16/6)*2. Let n(s) = -s**3 - 4*s**2 - 4*s - 3. Calculate n(v).
0
Let h(b) = 9*b**2. Let s be h(-1). Suppose 25 = -s*t + 4*t. Let r(v) = -6*v - 8 + v + 1 + v**2 - 2*v**2. Calculate r(t).
-7
Let j(u) = -u**3 + 6*u**2 + 8*u - 4. Suppose 77 = 9*g + 14. What is j(g)?
3
Let o(p) = p**2. Let y be (-9)/(-6) - 2/4*-1. What is o(y)?
4
Let n(j) = -2*j - 3. Suppose 5*w - 14 = -4*c + 6*c, 3*c + 7 = 4*w. Give n(c).
-9
Let d be (-12)/9*(-6)/4. Let p(n) = -7 + 0*n + n - d. What is p(4)?
-5
Let f(v) be the first derivative of -v**6/120 + v**5/12 + v**4/12 - 5*v**3/6 - v**2 + 1. Let q(p) be the second derivative of f(p). Give q(5).
5
Let k = -4 - -4. Let y(r) = -r - 7. Calculate y(k).
-7
Let t(y) = 2*y**2 + 10*y + 3. Let i(a) = -a**2 - 5*a - 1. Let x(p) = 5*i(p) + 2*t(p). Let n(h) = -h. Let o be n(-3). Let b = o - 7. Calculate x(b).
5
Let c(x) = 6*x**2 - 1. Suppose 4*r + 4*n + 24 = 0, 0*r - 4*n - 18 = -2*r. What is c(r)?
5
Let k = 2 - 2. Let a(z) = 4 - z**2 + z - 2*z - 5*z**2. Let j(x) = -x**2 + 1. Let d(w) = a(w) - 5*j(w). Determine d(k).
-1
Let r(q) be the third derivative of -q**4/2 + 5*q**2. Give r(2).
-24
Let j = 0 - -5. Suppose 0*k + 4*k = 5*b + 32, 11 = j*k + b. Let z(i) = -3 - k*i + 3 + i**2 + 1. What is z(4)?
5
Let x(b) = -8*b - 1. Suppose -5*y - 3*w = -34, -5*y - w + 38 = -